he units digit of q(3)?
1
Let a(q) = -q**2 + 11*q + 11. Let l be a(12). What is the tens digit of (-3843)/(-12)*((-44)/(-12) + l)?
5
Suppose -180 = -5*t - 4*y + 40, 0 = -2*t - 3*y + 95. Suppose 0 = -2*n + 10*n - t. Suppose 2*d - 9 = n*o + 3, -44 = -2*d - 3*o. What is the units digit of d?
6
Suppose 4*o + s - 940 = 0, 4*s - 6*s + 464 = 2*o. Suppose 300 = -9*d - 222. Let b = d + o. What is the units digit of b?
8
Let t = -30 - -202. Suppose -4*b + 1699 + t = 5*c, 4*c = -2*b + 934. What is the hundreds digit of b?
4
Let n = -2940 - -6663. What is the units digit of n?
3
Suppose 58*c + 30720 = 118*c. What is the units digit of c?
2
Let s be (-2 - 40)*240/(-56). What is the tens digit of (45/s)/((-2)/(-8)) + 761?
6
Suppose -v + 264890 = 4*m - 0*m, -5*v = -6*m + 397296. What is the tens digit of m?
2
Suppose -5*t - d + 8 = 0, -2*d = -3*t + 2*d + 14. Let s(f) = 3*f**2 + 2*f**3 + 12*f + f**t - 16*f**2 - 6 + 8*f**2. What is the units digit of s(5)?
4
Let p = 3029 - -9210. What is the tens digit of p?
3
Let o be 6/(-12)*2*0. Suppose o = -20*m + 25*m - 4990. What is the tens digit of m?
9
Let z(u) = -29*u**3 - 8*u**2 - u - 4. Let y be z(-3). Suppose 17*x = 7*x + y. What is the units digit of x?
1
Let g(t) = -847*t + 1148. What is the ten thousands digit of g(-16)?
1
Suppose 4*s - y - 995 = 2*y, 0 = -4*s + 2*y + 998. Let q = s + -466. Let i = q - -339. What is the tens digit of i?
2
Let y(q) = q**2 + 18*q + 13. Let m be 3354/(-169) - 4/26. What is the tens digit of y(m)?
5
Let n(i) = -i**2 - 2*i - 6. Let s be n(0). Let f(q) = -3*q + 20. Let k(b) = -5*b + 40. Let d(l) = s*k(l) + 11*f(l). What is the units digit of d(-19)?
7
Suppose 90*g = 86*g + 3724. What is the tens digit of g?
3
Suppose 11*r = -13*r - 240. What is the tens digit of ((-16)/r)/(7*5/10150)?
6
Let i(h) = 60*h**2 + 21*h - 702. What is the thousands digit of i(24)?
4
Let z(k) = -3*k**3 - 3*k**2 - 20*k - 36. Suppose 8*x + 12 = 6*x. What is the units digit of z(x)?
4
Suppose 214*t = 218*t - 4*u - 225392, 0 = -4*t - 2*u + 225380. What is the ten thousands digit of t?
5
Let f = 30 + -30. Suppose 3*y - m - 25 = -f*m, 0 = -y + m + 7. Suppose -y*l + 6*l = -129. What is the tens digit of l?
4
Suppose 2*b + 5*k + 806 = 3*b, -k = 3*b - 2466. Let c = -380 + b. What is the tens digit of c?
4
Suppose 0 = -0*v + 4*v - 8, 0 = -2*h + v + 182. Let a = 101 - h. What is the units digit of a?
9
Suppose 9585 = 34*g + 3159. Let z = 207 + g. What is the tens digit of z?
9
Suppose 6*z = -3*z + 144. Let l be (-6)/((-3)/2*z/(-12)). What is the hundreds digit of 2 - (-99 - (l + 2))?
1
Let p(b) = -11*b**3 + 77*b**2 - 18*b - 94. What is the tens digit of p(-7)?
7
Suppose 0 = -a - g + 15141, 26*a = 31*a + 3*g - 75717. What is the units digit of a?
7
Suppose 0 = 4*w - w - q - 147, q - 98 = -2*w. What is the tens digit of w - (6 - -1 - 5)?
4
Suppose -4*l - 19 = -l + 2*b, 10 = -5*b. Let n = l - 0. What is the tens digit of n + (-232)/(-2) - (1 + 2)?
0
Let j = -3330 - -16566. What is the hundreds digit of j?
2
Suppose 0 = -5*s + 101 + 124. Let b = 66 - s. What is the tens digit of 6*-2*b/(-9)?
2
Suppose -a + 13 = -25. Let r = -34 + a. Suppose 4 + 0 = r*x, -3*x = -3*h + 126. What is the tens digit of h?
4
Let j(x) = 12*x + 160. Let p be j(-13). Suppose 3*h + 1325 = -u + 6*u, -1060 = -p*u - 4*h. What is the hundreds digit of u?
2
Let m = 2039 - 3827. Let h = 2569 + m. What is the tens digit of h?
8
Let p = -14373 - -20933. Suppose 3*w - 3938 = -u, 5*u - p = -12*w + 7*w. What is the tens digit of w?
1
Suppose g - 5*s - 6 = 0, 0*g - 5*g - 4*s = -30. What is the tens digit of (734/4 - (-2 + g))*2?
5
Let m = -129 + 119. Let h(f) = -f**3 - 6*f**2 + 5*f + 35. What is the units digit of h(m)?
5
Let f = -146 + 141. Let j(d) = d**3 + 7*d**2 - d + 1. What is the units digit of j(f)?
6
Suppose -d + 8*y = 6*y - 34885, -174470 = -5*d - 5*y. What is the units digit of d?
1
Suppose -3*x = -15*x + 1776. Suppose -p + x + 99 = 5*q, -5*p + 2*q + 1235 = 0. What is the tens digit of p?
4
Let o = -30952 + 44021. What is the thousands digit of o?
3
Let m = 662 - -2433. Let p = m - 1652. What is the units digit of p?
3
Let q(v) = 4*v**3 + 11 + 12*v - 3*v**3 + v**2 - 3*v**2. Suppose -45 + 24 = -4*j + f, -5*f + 57 = 7*j. What is the tens digit of q(j)?
2
Suppose 5*x - 77 + 67 = 0. Suppose x*i - 391 = -3. Let c = 340 - i. What is the units digit of c?
6
Let r = 1748 - 1109. What is the hundreds digit of r?
6
Suppose 14*p - 1473 - 6955 = 0. Let d = -242 + p. What is the hundreds digit of d?
3
Let r = 7 + 9. Let i(p) = -p**3 + 5*p**3 + 9 - 2*p**3 - 53*p**2 + 21*p**2 + 5*p. What is the tens digit of i(r)?
8
Suppose -35*v + 120*v - 2654125 = 0. What is the tens digit of v?
2
Let a = 84 - 51. Let j be a/(-22) - (-6)/4. Suppose c - o = -j*o + 191, -569 = -3*c + o. What is the tens digit of c?
8
Suppose 14*f = 18*f + 14*f - 108. Suppose -4*w + 326 = 5*j - 334, 0 = 4*j - 5*w - 569. Suppose f*l - j = 932. What is the hundreds digit of l?
1
Let b(y) = -y**3 + 65. Suppose 17*f + 24 = 21*f. Suppose f*x - 4*x = -4*o + 8, -2*x = -4*o - 8. What is the tens digit of b(o)?
6
What is the hundreds digit of (-1431 - 7)/(95/25 - 4)?
1
Suppose 2*s - 3493 - 695 = -2*y, -5*s = y - 2074. What is the units digit of y?
9
Suppose -5*q - 20 = 0, 4*j + 4*q - 934 - 782 = 0. What is the units digit of j?
3
Suppose 13*o - 14*o + t + 61 = 0, -o + 37 = -5*t. What is the tens digit of o?
6
Let f = 430 - 430. Suppose -4*r + 1000 + 4104 = f. What is the thousands digit of r?
1
Let y be 36/45*230/(-4). Let o = -42 - y. Let g = 42 - o. What is the units digit of g?
8
Let s(b) = -8*b - 4. Suppose -7 = w - 5*t + 3, 5*t - 10 = -5*w. Let y be s(w). What is the tens digit of -4 + (-5 + -351)/y?
8
Suppose 0 = -2*b, -5*k - 4*b = -7*b + 15. Let h(n) = -17*n**3 + 6*n - 2. What is the units digit of h(k)?
9
Suppose 409592 + 1625938 = 135*d. What is the ten thousands digit of d?
1
Let y(h) = 4*h - 8. Let w be y(7). Let t(x) = x**3 - 2*x**2 - 23*x. Let i be t(6). What is the tens digit of (3075/50)/(i/w)?
0
What is the hundreds digit of (-138462)/(-30) + (-28)/70?
6
Let p be ((-2152)/4)/(-3 - 15/(-6)). Suppose 0 = -2*c + 3*r + 2346, c = 3*r + p + 91. What is the units digit of c?
9
Suppose 3*i = -15, -37887 = -31*t + 27*t + 7*i. What is the hundreds digit of t?
4
Suppose 15*r = -4*x + 20*r - 48, 4*x = -3*r - 48. What is the units digit of (66/x)/((-3)/30)?
5
Suppose -21*f + 26*f - 305 = 0. Let p = f + -53. Suppose -9*k + 128 = -p*k. What is the hundreds digit of k?
1
Let i be (-20)/45 - 440/(-99). What is the tens digit of 5/(-10) + ((-38522)/i)/(-11)?
7
Let u(w) = -w**2 - 9*w - 8. Let a be u(-8). Let v(y) = -y + 210*y**3 + 10 - 209*y**3 + y**2 + 0*y**2. What is the tens digit of v(a)?
1
Let l(t) = -45*t**2 - 995*t + 2. What is the hundreds digit of l(-18)?
3
Let f(a) = 51*a - 2. Let z = -139 + 198. Suppose -z = 2*q - 63. What is the tens digit of f(q)?
0
Let r(x) = 8*x**3 + 12*x**2 - 256*x - 6. What is the units digit of r(11)?
8
Let t be 330/45*((-10)/(-4) - 1). Suppose 155 - t = 2*r. What is the units digit of r?
2
Suppose -2*h = 6*h - 224. Let p = h - -100. What is the units digit of p?
8
Suppose 4*o = -3*b + 78, 4*b = -5*o + 4*o + 13. Suppose 5*c - 124 = o. Suppose 3*h + 3 = 0, s = -0*h - 3*h + c. What is the units digit of s?
2
Suppose 8*u - 19*u - 8536 = 0. Let r = u + 342. What is the tens digit of r/(21/(-12) - 5/20)?
1
Let c(g) = 2448*g**2 + 135*g - 49. What is the units digit of c(-4)?
9
Let b = -129 + 131. Suppose -b*y = 3*m - 619, 0 = -4*y - y + m + 1522. What is the units digit of y?
5
Suppose 2*y = -5*u + 73 - 25, 5*y = -5*u + 120. What is the hundreds digit of ((-8)/y)/(1/(-285))*10?
9
Suppose 2*v - 10406 = -3*i, 4*i - v - 6942 = 2*i. Suppose 0 = 4*s - 4*k - 6940, 2*s - i = 19*k - 14*k. What is the tens digit of s?
3
Suppose 715 = -5*v - o, 2*v = -0*v + 2*o - 286. Let c = 148 + v. Suppose -c*d + 1710 = 395. What is the tens digit of d?
6
Let s be (33/22 - 9/2) + 189. Suppose -4*k - 3*m + 282 = 0, 34 = 3*k - 2*m - s. What is the units digit of k?
2
Suppose 0 = 4*d - 0*d + 3*y + 1525, 5*y - 1915 = 5*d. Let b = d + 698. What is the tens digit of b?
1
Suppose 3*v - 3863 - 13009 = 0. What is the tens digit of v?
2
Let h(z) = 3*z**3 - 7*z**2 - 5*z - 1. Let c be h(3). Suppose -4*f + 2*k + 57